{"id":202,"date":"2023-09-28T19:05:19","date_gmt":"2023-09-28T17:05:19","guid":{"rendered":"https:\/\/tellbranding.ch\/?post_type=product&#038;p=202"},"modified":"2024-12-14T15:10:10","modified_gmt":"2024-12-14T14:10:10","slug":"tell-le-retour-de-guillaume-tell-integrale","status":"publish","type":"product","link":"https:\/\/tellbranding.ch\/?product=tell-le-retour-de-guillaume-tell-integrale","title":{"rendered":"TELL : Le retour de Guillaume Tell ! Int\u00e9grale"},"content":{"rendered":"<p>Suisse, 2032. Des ann\u00e9es de crise financi\u00e8re et de guerre ont amen\u00e9 le pays autrefois florissant au bord de la faillite. Un jour, un myst\u00e9rieux redresseur de torts ressemblant \u00e9trangement au symbole national suisse Guillaume Tell intervient dans diff\u00e9rents quartiers de Z\u00fcrich. Il y a enfin un h\u00e9ros pour lutter pour les droits du peuple.<br \/>\nMais qui est TELL ? Et quelles sont ses vraies intentions ?<\/p>\n<p>Cette int\u00e9grale rassemble les trois volumes de la s\u00e9rie de super-h\u00e9ros de David Boller (dessinateur de Spider-Man,<br \/>\nBatman et Witchblade).<\/p>\n","protected":false},"excerpt":{"rendered":"<p>Suisse, 2032. Des ann\u00e9es de crise financi\u00e8re et de guerre ont amen\u00e9 le pays autrefois florissant au bord de la faillite. Un jour, un myst\u00e9rieux redresseur de torts ressemblant \u00e9trangement au symbole national suisse Guillaume Tell intervient dans diff\u00e9rents quartiers de Z\u00fcrich. Il y a enfin un h\u00e9ros pour lutter pour les droits du peuple. Mais qui est TELL ? Et quelles sont ses vraies intentions ? Cette int\u00e9grale rassemble les trois volumes de la s\u00e9rie de super-h\u00e9ros de David Boller (dessinateur de Spider-Man, Batman et Witchblade).<\/p>\n","protected":false},"featured_media":80,"template":"","meta":[],"product_brand":[],"product_cat":[21,23],"product_tag":[],"class_list":{"0":"post-202","1":"product","2":"type-product","3":"status-publish","4":"has-post-thumbnail","6":"product_cat-buch","7":"product_cat-francais","8":"product_shipping_class-einzelbuch","10":"first","11":"instock","12":"shipping-taxable","13":"purchasable","14":"product-type-simple"},"_links":{"self":[{"href":"https:\/\/tellbranding.ch\/index.php?rest_route=\/wp\/v2\/product\/202","targetHints":{"allow":["GET"]}}],"collection":[{"href":"https:\/\/tellbranding.ch\/index.php?rest_route=\/wp\/v2\/product"}],"about":[{"href":"https:\/\/tellbranding.ch\/index.php?rest_route=\/wp\/v2\/types\/product"}],"wp:featuredmedia":[{"embeddable":true,"href":"https:\/\/tellbranding.ch\/index.php?rest_route=\/wp\/v2\/media\/80"}],"wp:attachment":[{"href":"https:\/\/tellbranding.ch\/index.php?rest_route=%2Fwp%2Fv2%2Fmedia&parent=202"}],"wp:term":[{"taxonomy":"product_brand","embeddable":true,"href":"https:\/\/tellbranding.ch\/index.php?rest_route=%2Fwp%2Fv2%2Fproduct_brand&post=202"},{"taxonomy":"product_cat","embeddable":true,"href":"https:\/\/tellbranding.ch\/index.php?rest_route=%2Fwp%2Fv2%2Fproduct_cat&post=202"},{"taxonomy":"product_tag","embeddable":true,"href":"https:\/\/tellbranding.ch\/index.php?rest_route=%2Fwp%2Fv2%2Fproduct_tag&post=202"}],"curies":[{"name":"wp","href":"https:\/\/api.w.org\/{rel}","templated":true}]}}

TELL : Le retour de Guillaume Tell ! Intégrale

<p>Suisse, 2032. Des années de crise financière et de guerre ont amené le pays autrefois florissant au bord de la faillite. Un jour, un mystérieux redresseur de torts ressemblant étrangement au symbole national suisse Guillaume Tell intervient dans différents quartiers de Zürich. Il y a enfin un héros pour lutter pour les droits du peuple.<br />
Mais qui est TELL ? Et quelles sont ses vraies intentions ?</p>
<p>Cette intégrale rassemble les trois volumes de la série de super-héros de David Boller (dessinateur de Spider-Man,<br />
Batman et Witchblade).</p>

<p>Suisse, 2032. Des années de crise financière et de guerre ont amené le pays autrefois florissant au bord de la faillite. Un jour, un mystérieux redresseur de torts ressemblant étrangement au symbole national suisse Guillaume Tell intervient dans différents quartiers de Zürich. Il y a enfin un héros pour lutter pour les droits du peuple. Mais qui est TELL ? Et quelles sont ses vraies intentions ? Cette intégrale rassemble les trois volumes de la série de super-héros de David Boller (dessinateur de Spider-Man, Batman et Witchblade).</p>
